{"id":10229,"date":"2024-04-30T12:17:08","date_gmt":"2024-04-30T12:17:08","guid":{"rendered":"https:\/\/www.kidzz.ba\/?post_type=product&#038;p=10229"},"modified":"2026-01-19T13:05:54","modified_gmt":"2026-01-19T13:05:54","slug":"bibs-liberty-colour-eloise-dusty-blue-vel-1","status":"publish","type":"product","link":"https:\/\/www.kidzz.ba\/?product=bibs-liberty-colour-eloise-dusty-blue-vel-1","title":{"rendered":"Bibs Liberty Colour Eloise Dusty Blue vel.1"},"content":{"rendered":"<p>BIBS prvi puta ima \u2013 uzorak! Skandinavski BIBS dizajn oplemenjen je veli\u010danstvenim i istorijskim uzorcima britanskog luksuznog brenda Liberty, brenda tekstila s tradicijom od 148 godina.<\/p>\n<p>BIBS\u00a0 DUDE\u00a0 su jedinstven proizvod na na\u0161em tr\u017ei\u0161tu. Ako tra\u017eite prirodan proizvod uz koji \u0107e va\u0161a beba lak\u0161e zaspati, koji \u0107e je umiriti i postati joj drugar u svim prilikama, onda je BIBS duda pravi izbor za vas. Pored svoje prakti\u010dne funkcije, ona \u0107e dopuniti i svaku odjevnu kombinaciju va\u0161ih mali\u0161ana i svima izmamiti osmijeh.<\/p>\n<p>Proizvodene su u Danskoj od 100% prirodne gume (gume drveta kau\u010duka). BIBS cucla\/duda\u00a0 je oblikovana tako da imitira maj\u010dinu bradavicu kako bi se dijete moglo lak\u0161e naviknuti na nju. Cucla je savitljiva i dijete mo\u017ee istisnuti zrak iz nje te se time tako\u0111er opona\u0161a prirodno sisanje bebe dok je na maj\u010dinim grudima. Zbog toga su tako popularne i omiljene na globalnom nivou.<\/p>\n<p>Testirane su u AMTEST i Consumer Lab Denmark laboratorijima na sigurnost i kvalitetu<\/p>\n<p><strong>Karakteristike:<\/strong><\/p>\n<ul>\n<li>Pakovanje: Dvije cucle u pakovanju<\/li>\n<li>Materijal\n<ul>\n<li>\u0160tit: PP za hranu<\/li>\n<li>Sisa\u010d: Prirodni gumeni lateks<\/li>\n<\/ul>\n<\/li>\n<li>Sigurnost i kvaliteta: U skladu sa evropskim standardom EN 1400+A2.<\/li>\n<li>bez PVC-a, bez BPA i bez ftalata<\/li>\n<li>dizajnirano i proizvedeno u Danskoj\/EU<\/li>\n<li>u pakiranju dolaze 2 cucle u bojama kao na slici<\/li>\n<\/ul>\n<p>&nbsp;<\/p>\n","protected":false},"excerpt":{"rendered":"<p>BIBS prvi puta ima \u2013 uzorak! Skandinavski BIBS dizajn oplemenjen je veli\u010danstvenim i istorijskim uzorcima britanskog luksuznog brenda Liberty, brenda<\/p>\n","protected":false},"featured_media":10230,"comment_status":"open","ping_status":"closed","template":"","meta":[],"product_cat":[320,244,326,301],"product_tag":[],"_links":{"self":[{"href":"https:\/\/www.kidzz.ba\/index.php?rest_route=\/wp\/v2\/product\/10229"}],"collection":[{"href":"https:\/\/www.kidzz.ba\/index.php?rest_route=\/wp\/v2\/product"}],"about":[{"href":"https:\/\/www.kidzz.ba\/index.php?rest_route=\/wp\/v2\/types\/product"}],"replies":[{"embeddable":true,"href":"https:\/\/www.kidzz.ba\/index.php?rest_route=%2Fwp%2Fv2%2Fcomments&post=10229"}],"wp:featuredmedia":[{"embeddable":true,"href":"https:\/\/www.kidzz.ba\/index.php?rest_route=\/wp\/v2\/media\/10230"}],"wp:attachment":[{"href":"https:\/\/www.kidzz.ba\/index.php?rest_route=%2Fwp%2Fv2%2Fmedia&parent=10229"}],"wp:term":[{"taxonomy":"product_cat","embeddable":true,"href":"https:\/\/www.kidzz.ba\/index.php?rest_route=%2Fwp%2Fv2%2Fproduct_cat&post=10229"},{"taxonomy":"product_tag","embeddable":true,"href":"https:\/\/www.kidzz.ba\/index.php?rest_route=%2Fwp%2Fv2%2Fproduct_tag&post=10229"}],"curies":[{"name":"wp","href":"https:\/\/api.w.org\/{rel}","templated":true}]}}