{"id":10540,"date":"2024-06-07T11:51:19","date_gmt":"2024-06-07T11:51:19","guid":{"rendered":"https:\/\/www.kidzz.ba\/?post_type=product&#038;p=10540"},"modified":"2026-04-01T10:40:49","modified_gmt":"2026-04-01T10:40:49","slug":"sun-kids-plus-black-naocale-izipizi","status":"publish","type":"product","link":"https:\/\/www.kidzz.ba\/?product=sun-kids-plus-black-naocale-izipizi","title":{"rendered":"Sun Kids Plus Black Nao\u010dale &#8211; Izipizi"},"content":{"rendered":"<p>IZIPIZI\u00a0 Sun Kids Plus dodaje klasi\u010dni, retro, ali i trendi stil, sa debljim okvirom i kodovima pozajmljenim iz Izipizi ikoni\u010dne serije, te izgleda stilski nNovi\u00a0a licu mali\u0161ana, dok istovremeno ostaje udoban i pru\u017ea optimalnu za\u0161titu o\u010diju.<\/p>\n<ul>\n<li>Model \u2013 Sun Kids Plus<\/li>\n<li>Okvir \u2013 PC (polikarbonat)<\/li>\n<li>Polarizovana so\u010diva<\/li>\n<li>100% UV za\u0161tita, kategorija 3<\/li>\n<li>Unisex, univerzalni model<\/li>\n<li>Le\u0107a-AC (akril)<\/li>\n<li>Fleksibilne i udobne ru\u010dkice, sa \u0161arkama sa oprugom, koje se prilago\u0111avaju svim oblicima i veli\u010dinama lica. Ovo ne zna\u010di da su nao\u010dale neuni\u0161tive i da se ru\u010dkice ne mogu slomiti. Mogu se slomiti ako se ru\u010dkice pretjerano savijaju.<\/li>\n<li>Uzrast: za djecu 3 \u2013 5 godina<\/li>\n<li>Sigurnosni standardi: U skladu sa me\u0111unarodnim standardima za sun\u010dane nao\u010dare (ISO 12312-1).<\/li>\n<li>Dolaze sa futrolom i silikonskom trakicom za u\u010dvr\u0161\u0107ivanje.<\/li>\n<li>Bio-izvorni materijal: Okvir nao\u010dara je napravljen od 45% organskog poliamida dobijenog iz ricinusovog ulja.<\/li>\n<li>Dimenzije: 120\u00a0\u00a0x41 x 116 mm<\/li>\n<\/ul>\n","protected":false},"excerpt":{"rendered":"<p>IZIPIZI\u00a0 Sun Kids Plus dodaje klasi\u010dni, retro, ali i trendi stil, sa debljim okvirom i kodovima pozajmljenim iz Izipizi ikoni\u010dne<\/p>\n","protected":false},"featured_media":10608,"comment_status":"open","ping_status":"closed","template":"","meta":[],"product_cat":[244,397,375,399,329],"product_tag":[],"_links":{"self":[{"href":"https:\/\/www.kidzz.ba\/index.php?rest_route=\/wp\/v2\/product\/10540"}],"collection":[{"href":"https:\/\/www.kidzz.ba\/index.php?rest_route=\/wp\/v2\/product"}],"about":[{"href":"https:\/\/www.kidzz.ba\/index.php?rest_route=\/wp\/v2\/types\/product"}],"replies":[{"embeddable":true,"href":"https:\/\/www.kidzz.ba\/index.php?rest_route=%2Fwp%2Fv2%2Fcomments&post=10540"}],"wp:featuredmedia":[{"embeddable":true,"href":"https:\/\/www.kidzz.ba\/index.php?rest_route=\/wp\/v2\/media\/10608"}],"wp:attachment":[{"href":"https:\/\/www.kidzz.ba\/index.php?rest_route=%2Fwp%2Fv2%2Fmedia&parent=10540"}],"wp:term":[{"taxonomy":"product_cat","embeddable":true,"href":"https:\/\/www.kidzz.ba\/index.php?rest_route=%2Fwp%2Fv2%2Fproduct_cat&post=10540"},{"taxonomy":"product_tag","embeddable":true,"href":"https:\/\/www.kidzz.ba\/index.php?rest_route=%2Fwp%2Fv2%2Fproduct_tag&post=10540"}],"curies":[{"name":"wp","href":"https:\/\/api.w.org\/{rel}","templated":true}]}}