{"id":11720,"date":"2024-11-29T15:36:06","date_gmt":"2024-11-29T15:36:06","guid":{"rendered":"https:\/\/www.kidzz.ba\/?post_type=product&#038;p=11720"},"modified":"2025-06-16T07:13:23","modified_gmt":"2025-06-16T07:13:23","slug":"kutija-za-hranu-sailoris-bay-little-dutch","status":"publish","type":"product","link":"https:\/\/www.kidzz.ba\/?product=kutija-za-hranu-sailoris-bay-little-dutch","title":{"rendered":"Kutija za hranu Sailoris Bay -Little Dutch"},"content":{"rendered":"<p id=\"tw-target-text\" dir=\"ltr\" data-placeholder=\"Prevod\"><span lang=\"hr\">Trebate li vlastitu kutiju za ru\u010dak? Ova kutija za ru\u010dak savr\u0161ena je za dje\u010dji ru\u010dak ili grickalice kad ste u pokretu. Posuda ima 3 pregrade. Zahvaljuju\u0107i sustavu bento, hrana uvijek ostaje svje\u017ea. Uklju\u010dena je i mala vilju\u0161ka koja omogu\u0107ava da zaista jedemo bilo kad i bilo gdje. Naravno, kutiju za ru\u010dak mo\u017eete kombinirati s bocom za vodu i ruksakom iz iste linije.<\/span><\/p>\n<p>Karakteristike:<\/p>\n<ul>\n<li>Materijal: plastika ABS<\/li>\n<li>BPA free<\/li>\n<li>Dimenzije: 17,8 x 13,2 x 6 cm<\/li>\n<li>750 ml<\/li>\n<\/ul>\n","protected":false},"excerpt":{"rendered":"<p>Trebate li vlastitu kutiju za ru\u010dak? Ova kutija za ru\u010dak savr\u0161ena je za dje\u010dji ru\u010dak ili grickalice kad ste u<\/p>\n","protected":false},"featured_media":11721,"comment_status":"open","ping_status":"closed","template":"","meta":[],"product_cat":[244,301,386,375,329,309],"product_tag":[],"_links":{"self":[{"href":"https:\/\/www.kidzz.ba\/index.php?rest_route=\/wp\/v2\/product\/11720"}],"collection":[{"href":"https:\/\/www.kidzz.ba\/index.php?rest_route=\/wp\/v2\/product"}],"about":[{"href":"https:\/\/www.kidzz.ba\/index.php?rest_route=\/wp\/v2\/types\/product"}],"replies":[{"embeddable":true,"href":"https:\/\/www.kidzz.ba\/index.php?rest_route=%2Fwp%2Fv2%2Fcomments&post=11720"}],"wp:featuredmedia":[{"embeddable":true,"href":"https:\/\/www.kidzz.ba\/index.php?rest_route=\/wp\/v2\/media\/11721"}],"wp:attachment":[{"href":"https:\/\/www.kidzz.ba\/index.php?rest_route=%2Fwp%2Fv2%2Fmedia&parent=11720"}],"wp:term":[{"taxonomy":"product_cat","embeddable":true,"href":"https:\/\/www.kidzz.ba\/index.php?rest_route=%2Fwp%2Fv2%2Fproduct_cat&post=11720"},{"taxonomy":"product_tag","embeddable":true,"href":"https:\/\/www.kidzz.ba\/index.php?rest_route=%2Fwp%2Fv2%2Fproduct_tag&post=11720"}],"curies":[{"name":"wp","href":"https:\/\/api.w.org\/{rel}","templated":true}]}}