{"id":12203,"date":"2024-12-24T11:12:38","date_gmt":"2024-12-24T11:12:38","guid":{"rendered":"https:\/\/www.kidzz.ba\/?post_type=product&#038;p=12203"},"modified":"2026-03-12T08:45:06","modified_gmt":"2026-03-12T08:45:06","slug":"edukativna-igra-u-kockama-topanihouse-djeco","status":"publish","type":"product","link":"https:\/\/www.kidzz.ba\/?product=edukativna-igra-u-kockama-topanihouse-djeco","title":{"rendered":"TopaniHouse &#8211; Djeco Edukativna igra sa kockama"},"content":{"rendered":"<pre id=\"tw-target-text\" class=\"tw-data-text tw-text-large tw-ta\" dir=\"ltr\" data-placeholder=\"Prijevod\" data-ved=\"2ahUKEwix8t--osCKAxW1X_EDHYfbHoQQ3ewLegQIDBAU\" aria-label=\"Prevedeni tekst: 5 kockica koje ilustruju ku\u0107u i 4 \u017eivotinje iz porodice medvjeda od meke plastike: 2 roditelja i 2 mladunca za igru \u200b\u200bi izgradnju prelijepe ku\u0107e. Razli\u010dite mogu\u0107nosti igre: djeca mogu slagati kartonske kocke kako bi napravili toranj ili ih mogu ubaciti jednu u drugu. Mogu se igrati i na podu i rekreirati brojne ku\u0107ne ukrase, ili se \u010dak mogu samo igrati sa \u017eivotinjama. Prekrasne pri\u010de za izmi\u0161ljanje uz ovu vrlo kompletnu igru. Debele kartonske kocke, veoma otporne. Svaka kocka mo\u017ee sadr\u017eavati jednu \u017eivotinju. Otkrijte brojeve, oblike i okru\u017eenje ku\u0107e. Dimenzije: 23,5 x 15 cm. 18 mjeseci +\"><span class=\"Y2IQFc\" lang=\"bs\">5 kockica koje ilustruju ku\u0107u i 4 \u017eivotinje iz porodice medvjeda od meke plastike: \r\n2 roditelja i 2 mladunca za igru \u200b\u200bi izgradnju prelijepe ku\u0107e.\r\n Razli\u010dite mogu\u0107nosti igre: djeca mogu slagati kartonske kocke kako bi napravili toranj ili ih mogu ubaciti jednu u \r\ndrugu.\r\n Mogu se igrati i na podu i rekreirati brojne ku\u0107ne ukrase, ili se \u010dak mogu samo igrati sa \u017eivotinjama. \r\nPrekrasne pri\u010de za izmi\u0161ljanje uz ovu vrlo kompletnu igru.\r\n\r\nDebele kartonske kocke, veoma otporne.\r\nSvaka kocka mo\u017ee sadr\u017eavati jednu \u017eivotinju.\r\nOtkrijte brojeve, oblike i okru\u017eenje ku\u0107e.\r\nDimenzije: 23,5 x 15 cm. \r\n\r\n18 mjeseci +<\/span><\/pre>\n","protected":false},"excerpt":{"rendered":"<p>5 kockica koje ilustruju ku\u0107u i 4 \u017eivotinje iz porodice medvjeda od meke plastike: 2 roditelja i 2 mladunca za<\/p>\n","protected":false},"featured_media":12204,"comment_status":"open","ping_status":"closed","template":"","meta":[],"product_cat":[244,341,358,359,300,307],"product_tag":[],"_links":{"self":[{"href":"https:\/\/www.kidzz.ba\/index.php?rest_route=\/wp\/v2\/product\/12203"}],"collection":[{"href":"https:\/\/www.kidzz.ba\/index.php?rest_route=\/wp\/v2\/product"}],"about":[{"href":"https:\/\/www.kidzz.ba\/index.php?rest_route=\/wp\/v2\/types\/product"}],"replies":[{"embeddable":true,"href":"https:\/\/www.kidzz.ba\/index.php?rest_route=%2Fwp%2Fv2%2Fcomments&post=12203"}],"wp:featuredmedia":[{"embeddable":true,"href":"https:\/\/www.kidzz.ba\/index.php?rest_route=\/wp\/v2\/media\/12204"}],"wp:attachment":[{"href":"https:\/\/www.kidzz.ba\/index.php?rest_route=%2Fwp%2Fv2%2Fmedia&parent=12203"}],"wp:term":[{"taxonomy":"product_cat","embeddable":true,"href":"https:\/\/www.kidzz.ba\/index.php?rest_route=%2Fwp%2Fv2%2Fproduct_cat&post=12203"},{"taxonomy":"product_tag","embeddable":true,"href":"https:\/\/www.kidzz.ba\/index.php?rest_route=%2Fwp%2Fv2%2Fproduct_tag&post=12203"}],"curies":[{"name":"wp","href":"https:\/\/api.w.org\/{rel}","templated":true}]}}