{"id":13244,"date":"2025-10-31T08:35:55","date_gmt":"2025-10-31T08:35:55","guid":{"rendered":"https:\/\/www.kidzz.ba\/?post_type=product&#038;p=13244"},"modified":"2026-02-05T13:58:24","modified_gmt":"2026-02-05T13:58:24","slug":"vatrogasac-evolutivne-puzzle-4u1","status":"publish","type":"product","link":"https:\/\/www.kidzz.ba\/?product=vatrogasac-evolutivne-puzzle-4u1","title":{"rendered":"Vatrogasac &#8211; Evolutivne puzzle 4u1"},"content":{"rendered":"<p>Ova lijepa slagalica su zapravo 4 zagonetke.<\/p>\n<p>Svaka slagalica ima razli\u010dit nivo te\u017eine u odnosu na broj delova koji sadr\u017ei: 6-9-12 i 16. Dakle, kako dijete postaje iskusnije, mo\u017eete pove\u0107ati te\u017einu.<\/p>\n<p>Uzrast: Od 3 godine.<\/p>\n","protected":false},"excerpt":{"rendered":"<p>Ova lijepa slagalica su zapravo 4 zagonetke. Svaka slagalica ima razli\u010dit nivo te\u017eine u odnosu na broj delova koji sadr\u017ei:<\/p>\n","protected":false},"featured_media":13245,"comment_status":"open","ping_status":"closed","template":"","meta":[],"product_cat":[244,359,316,300,307],"product_tag":[],"_links":{"self":[{"href":"https:\/\/www.kidzz.ba\/index.php?rest_route=\/wp\/v2\/product\/13244"}],"collection":[{"href":"https:\/\/www.kidzz.ba\/index.php?rest_route=\/wp\/v2\/product"}],"about":[{"href":"https:\/\/www.kidzz.ba\/index.php?rest_route=\/wp\/v2\/types\/product"}],"replies":[{"embeddable":true,"href":"https:\/\/www.kidzz.ba\/index.php?rest_route=%2Fwp%2Fv2%2Fcomments&post=13244"}],"wp:featuredmedia":[{"embeddable":true,"href":"https:\/\/www.kidzz.ba\/index.php?rest_route=\/wp\/v2\/media\/13245"}],"wp:attachment":[{"href":"https:\/\/www.kidzz.ba\/index.php?rest_route=%2Fwp%2Fv2%2Fmedia&parent=13244"}],"wp:term":[{"taxonomy":"product_cat","embeddable":true,"href":"https:\/\/www.kidzz.ba\/index.php?rest_route=%2Fwp%2Fv2%2Fproduct_cat&post=13244"},{"taxonomy":"product_tag","embeddable":true,"href":"https:\/\/www.kidzz.ba\/index.php?rest_route=%2Fwp%2Fv2%2Fproduct_tag&post=13244"}],"curies":[{"name":"wp","href":"https:\/\/api.w.org\/{rel}","templated":true}]}}