{"id":6661,"date":"2023-03-28T15:19:26","date_gmt":"2023-03-28T15:19:26","guid":{"rendered":"https:\/\/www.kidzz.ba\/novi\/?post_type=product&#038;p=6661"},"modified":"2025-06-17T06:51:37","modified_gmt":"2025-06-17T06:51:37","slug":"baby-puzzle-farma-djeco","status":"publish","type":"product","link":"https:\/\/www.kidzz.ba\/?product=baby-puzzle-farma-djeco","title":{"rendered":"Baby puzzle Farma Djeco"},"content":{"rendered":"<pre id=\"tw-target-text\" class=\"tw-data-text tw-text-large tw-ta\" data-placeholder=\"Prijevod\"><span class=\"Y2IQFc\" lang=\"bs\">Slagalica na drvene kalupe. \r\nOsnovna slagalica sa krugovima, trokutima i kvadratima. \r\nIspod komada je skrivena \u017eivotinja. \r\nUklonite dijelove i pogodite skrivenu \u017eivotinju! \r\nDebeli komadi lako se dr\u017ee \u010dak i za male ruke i savr\u0161eni su za prvu slagalicu va\u0161eg djeteta<\/span><\/pre>\n","protected":false},"excerpt":{"rendered":"<p>Slagalica na drvene kalupe. Osnovna slagalica sa krugovima, trokutima i kvadratima. Ispod komada je skrivena \u017eivotinja. Uklonite dijelove i pogodite<\/p>\n","protected":false},"featured_media":7851,"comment_status":"closed","ping_status":"closed","template":"","meta":[],"product_cat":[244,358,359,300,307],"product_tag":[],"_links":{"self":[{"href":"https:\/\/www.kidzz.ba\/index.php?rest_route=\/wp\/v2\/product\/6661"}],"collection":[{"href":"https:\/\/www.kidzz.ba\/index.php?rest_route=\/wp\/v2\/product"}],"about":[{"href":"https:\/\/www.kidzz.ba\/index.php?rest_route=\/wp\/v2\/types\/product"}],"replies":[{"embeddable":true,"href":"https:\/\/www.kidzz.ba\/index.php?rest_route=%2Fwp%2Fv2%2Fcomments&post=6661"}],"wp:featuredmedia":[{"embeddable":true,"href":"https:\/\/www.kidzz.ba\/index.php?rest_route=\/wp\/v2\/media\/7851"}],"wp:attachment":[{"href":"https:\/\/www.kidzz.ba\/index.php?rest_route=%2Fwp%2Fv2%2Fmedia&parent=6661"}],"wp:term":[{"taxonomy":"product_cat","embeddable":true,"href":"https:\/\/www.kidzz.ba\/index.php?rest_route=%2Fwp%2Fv2%2Fproduct_cat&post=6661"},{"taxonomy":"product_tag","embeddable":true,"href":"https:\/\/www.kidzz.ba\/index.php?rest_route=%2Fwp%2Fv2%2Fproduct_tag&post=6661"}],"curies":[{"name":"wp","href":"https:\/\/api.w.org\/{rel}","templated":true}]}}