{"id":9328,"date":"2023-11-10T17:45:31","date_gmt":"2023-11-10T17:45:31","guid":{"rendered":"https:\/\/www.kidzz.ba\/novi\/?post_type=product&#038;p=9328"},"modified":"2026-02-05T14:11:03","modified_gmt":"2026-02-05T14:11:03","slug":"paola-reina-lutka-ana-belen-amiga-2","status":"publish","type":"product","link":"https:\/\/www.kidzz.ba\/?product=paola-reina-lutka-ana-belen-amiga-2","title":{"rendered":"Lutka Ana Belen Amiga Paola Reina"},"content":{"rendered":"<pre id=\"tw-target-text\" class=\"tw-data-text tw-text-large tw-ta\" data-placeholder=\"Prijevod\" data-ved=\"2ahUKEwjDn7D867mCAxXD-6QKHXs9CR4Q3ewLegQICBAQ\"><span class=\"Y2IQFc\" lang=\"bs\">\r\nPrelijepa lutka koja ima prelijepu kosu i duge trepavice, savr\u0161ene za igru, \u010de\u0161ljanje i obla\u010denje. \r\nIzra\u0111ene su u potpunosti od vinila ugodnog na dodir i miri\u0161u na vaniliju. \r\nImaju pokretne ruke, noge i glavu. Samostalno stoje i sjede.\r\n\r\n\r\nVisina lutke: 32 cm Uklju\u010deno: lutka, haljina chemise od tila,traka za glavu sa ma\u0161nom, cipele, \u010detka za kosu. Lutka je upakovana u kompanijsku kutiju.\r\n<\/span><\/pre>\n","protected":false},"excerpt":{"rendered":"<p>Prelijepa lutka koja ima prelijepu kosu i duge trepavice, savr\u0161ene za igru, \u010de\u0161ljanje i obla\u010denje. Izra\u0111ene su u potpunosti od<\/p>\n","protected":false},"featured_media":13094,"comment_status":"closed","ping_status":"closed","template":"","meta":[],"product_cat":[371,329,327],"product_tag":[],"_links":{"self":[{"href":"https:\/\/www.kidzz.ba\/index.php?rest_route=\/wp\/v2\/product\/9328"}],"collection":[{"href":"https:\/\/www.kidzz.ba\/index.php?rest_route=\/wp\/v2\/product"}],"about":[{"href":"https:\/\/www.kidzz.ba\/index.php?rest_route=\/wp\/v2\/types\/product"}],"replies":[{"embeddable":true,"href":"https:\/\/www.kidzz.ba\/index.php?rest_route=%2Fwp%2Fv2%2Fcomments&post=9328"}],"wp:featuredmedia":[{"embeddable":true,"href":"https:\/\/www.kidzz.ba\/index.php?rest_route=\/wp\/v2\/media\/13094"}],"wp:attachment":[{"href":"https:\/\/www.kidzz.ba\/index.php?rest_route=%2Fwp%2Fv2%2Fmedia&parent=9328"}],"wp:term":[{"taxonomy":"product_cat","embeddable":true,"href":"https:\/\/www.kidzz.ba\/index.php?rest_route=%2Fwp%2Fv2%2Fproduct_cat&post=9328"},{"taxonomy":"product_tag","embeddable":true,"href":"https:\/\/www.kidzz.ba\/index.php?rest_route=%2Fwp%2Fv2%2Fproduct_tag&post=9328"}],"curies":[{"name":"wp","href":"https:\/\/api.w.org\/{rel}","templated":true}]}}